 645?
3, 5, 43
List the prime factors of 14643.
3, 1627
List the prime factors of 55446.
2, 3, 9241
List the prime factors of 8394.
2, 3, 1399
List the prime factors of 8523.
3, 947
List the prime factors of 6206.
2, 29, 107
List the prime factors of 65451.
3, 21817
What are the prime factors of 77613?
3, 41, 631
List the prime factors of 1499.
1499
What are the prime factors of 5124?
2, 3, 7, 61
What are the prime factors of 982?
2, 491
List the prime factors of 1605.
3, 5, 107
What are the prime factors of 1632?
2, 3, 17
What are the prime factors of 20466?
2, 3, 379
What are the prime factors of 121299?
3, 40433
What are the prime factors of 1120?
2, 5, 7
What are the prime factors of 2201?
31, 71
What are the prime factors of 1729?
7, 13, 19
What are the prime factors of 1240?
2, 5, 31
What are the prime factors of 4703?
4703
List the prime factors of 13959.
3, 11, 47
What are the prime factors of 5688?
2, 3, 79
List the prime factors of 657.
3, 73
What are the prime factors of 8750?
2, 5, 7
What are the prime factors of 36158?
2, 101, 179
What are the prime factors of 112?
2, 7
List the prime factors of 4154.
2, 31, 67
List the prime factors of 2409.
3, 11, 73
What are the prime factors of 12769?
113
List the prime factors of 1131.
3, 13, 29
What are the prime factors of 4419?
3, 491
What are the prime factors of 10239?
3, 3413
List the prime factors of 8599.
8599
What are the prime factors of 10574?
2, 17, 311
What are the prime factors of 5303?
5303
List the prime factors of 1951.
1951
What are the prime factors of 202796?
2, 11, 419
What are the prime factors of 31245?
3, 5, 2083
List the prime factors of 3960.
2, 3, 5, 11
List the prime factors of 1863.
3, 23
List the prime factors of 6069.
3, 7, 17
What are the prime factors of 1507?
11, 137
What are the prime factors of 50792?
2, 7, 907
List the prime factors of 6731.
53, 127
List the prime factors of 918.
2, 3, 17
What are the prime factors of 1068?
2, 3, 89
What are the prime factors of 82116?
2, 3, 2281
List the prime factors of 8606.
2, 13, 331
What are the prime factors of 18906?
2, 3, 23, 137
List the prime factors of 9301.
71, 131
What are the prime factors of 21575?
5, 863
List the prime factors of 920.
2, 5, 23
What are the prime factors of 2292?
2, 3, 191
List the prime factors of 30247.
7, 29, 149
What are the prime factors of 767?
13, 59
What are the prime factors of 334?
2, 167
List the prime factors of 21048.
2, 3, 877
List the prime factors of 9738.
2, 3, 541
What are the prime factors of 32438?
2, 7, 331
List the prime factors of 30692.
2, 7673
What are the prime factors of 923?
13, 71
What are the prime factors of 26703?
3, 23, 43
List the prime factors of 16398.
2, 3, 911
What are the prime factors of 6124?
2, 1531
What are the prime factors of 7878?
2, 3, 13, 101
List the prime factors of 35636.
2, 59, 151
What are the prime factors of 11604?
2, 3, 967
What are the prime factors of 14210?
2, 5, 7, 29
What are the prime factors of 102498?
2, 3, 11, 1553
List the prime factors of 24540.
2, 3, 5, 409
What are the prime factors of 14903?
7, 2129
List the prime factors of 1118.
2, 13, 43
List the prime factors of 1508.
2, 13, 29
List the prime factors of 48973.
48973
List the prime factors of 137475.
3, 5, 13, 47
What are the prime factors of 1013?
1013
List the prime factors of 80717.
7, 13, 887
What are the prime factors of 2194?
2, 1097
List the prime factors of 943.
23, 41
List the prime factors of 13952.
2, 109
List the prime factors of 25580.
2, 5, 1279
What are the prime factors of 115389?
3, 12821
What are the prime factors of 97?
97
What are the prime factors of 1931?
1931
What are the prime factors of 6931?
29, 239
What are the prime factors of 12193?
89, 137
List the prime factors of 1602.
2, 3, 89
List the prime factors of 2182.
2, 1091
List the prime factors of 6445.
5, 1289
List the prime factors of 164798.
2, 17, 37, 131
What are the prime factors of 993?
3, 331
What are the prime factors of 12559?
19, 661
List the prime factors of 30580.
2, 5, 11, 139
List the prime factors of 21254.
2, 10627
What are the prime factors of 741?
3, 13, 19
List the prime factors of 56023.
11, 463
What are the prime factors of 1218?
2, 3, 7, 29
List the prime factors of 936.
2, 3, 13
List the prime factors of 7155.
3, 5, 53
What are the prime factors of 2377?
2377
List the prime factors of 75808.
2, 23, 103
What are the prime factors of 30154?
2, 15077
What are the prime factors of 8053?
8053
List the prime factors of 13005.
3, 5, 17
List the prime factors of 19207.
19207
List the prime factors of 11277.
3, 7, 179
List the prime factors of 50678.
2, 25339
What are the prime factors of 3842?
2, 17, 113
What are the prime factors of 37247?
7, 17, 313
What are the prime factors of 722?
2, 19
What are the prime factors of 477?
3, 53
What are the prime factors of 88009?
17, 31, 167
List the prime factors of 150.
2, 3, 5
What are the prime factors of 3121?
3121
What are the prime factors of 7065?
3, 5, 157
What are the prime factors of 2922?
2, 3, 487
List the prime factors of 78907.
19, 4153
List the prime factors of 20514.
2, 3, 13, 263
What are the prime factors of 14910?
2, 3, 5, 7, 71
What are the prime factors of 106383?
3, 35461
List the prime factors of 28835.
5, 73, 79
List the prime factors of 1183.
7, 13
What are the prime factors of 1314?
2, 3, 73
What are the prime factors of 35108?
2, 67, 131
List the prime factors of 2789.
2789
What are the prime factors of 11480?
2, 5, 7, 41
List the prime factors of 3882.
2, 3, 647
List the prime factors of 98.
2, 7
What are the prime factors of 88759?
11, 8069
What are the prime factors of 1203?
3, 401
What are the prime factors of 1485?
3, 5, 11
List the prime factors of 2181.
3, 727
List the prime factors of 6798.
2, 3, 11, 103
List the prime factors of 19544.
2, 7, 349
List the prime factors of 1543.
1543
What are the prime factors of 3690?
2, 3, 5, 41
List the prime factors of 1209.
3, 13, 31
List the prime factors of 2364.
2, 3, 197
List the prime factors of 36676.
2, 53, 173
What are the prime factors of 13860?
2, 3, 5, 7, 11
What are the prime factors of 7878?
2, 3, 13, 101
List the prime factors of 3216.
2, 3, 67
List the prime factors of 3562.
2, 13, 137
What are the prime factors of 293?
293
What are the prime factors of 7415?
5, 1483
List the prime factors of 50972.
2, 12743
List the prime factors of 3039.
3, 1013
What are the prime factors of 1642?
2, 821
List the prime factors of 148070.
2, 5, 13, 17, 67
List the prime factors of 95605.
5, 19121
List the prime factors of 7515.
3, 5, 167
List the prime factors of 102.
2, 3, 17
What are the prime factors of 8668?
2, 11, 197
List the prime factors of 7936.
2, 31
List the prime factors of 3004.
2, 751
What are the prime factors of 119052?
2, 3, 3307
What are the prime factors of 25679?
25679
What are the prime factors of 2012?
2, 503
What are the prime factors of 264?
2, 3, 11
List the prime factors of 10190.
2, 5, 1019
What are the prime factors of 947?
947
What are the prime factors of 51458?
2, 11, 2339
List the prime factors of 13530.
2, 3, 5, 11, 41
List the prime factors of 118.
2, 59
List the prime factors of 1976.
2, 13, 19
What are the prime factors of 6954?
2, 3, 19, 61
What are the prime factors of 5589?
3, 23
What are the prime factors of 4966?
2, 13, 191
What are the prime factors of 8893?
8893
What are the prime factors of 1558?
2, 19, 41
List the prime factors of 11441.
17, 673
What are the prime factors of 511?
7, 73
What are the prime factors of 5794?
2, 2897
What are the prime factors of 15963?
3, 17, 313
What are the prime factors of 19323?
3, 19, 113
What are the prime factors of 38981?
17, 2293
List the prime factors of 3785.
5, 757
List the prime factors of 88.
2, 11
List the prime factors of 1051.
1051
List the prime factors of 4811.
17, 283
What are the prime factors of 18845?
5, 3769
What are the prime factors of 839?
839
List the prime factors of 8417.
19, 443
List the prime factors of 23916.
2, 3, 1993
What are the prime factors of 244?
2, 61
List the prime factors of 5346.
2, 3, 11
What are the prime factors of 961?
31
What are the prime factors of 8327?
11, 757
What are the prime factors of 3888?
2, 3
List the prime factors of 2719.
271